{"id":6537,"date":"2023-10-31T12:28:25","date_gmt":"2023-10-31T11:28:25","guid":{"rendered":"https:\/\/greencottage.be\/slider\/seminaries-in-het-groen\/"},"modified":"2025-09-29T15:05:00","modified_gmt":"2025-09-29T13:05:00","slug":"seminaries-in-het-groen","status":"publish","type":"slider","link":"https:\/\/greencottage.be\/nl\/slider\/seminaries-in-het-groen\/","title":{"rendered":"Seminaries in het Groen"},"content":{"rendered":"","protected":false},"excerpt":{"rendered":"","protected":false},"author":6,"featured_media":5722,"parent":0,"menu_order":0,"comment_status":"open","ping_status":"closed","template":"","meta":{"_genesis_hide_title":false,"_genesis_hide_breadcrumbs":false,"_genesis_hide_singular_image":false,"_genesis_hide_footer_widgets":false,"_genesis_custom_body_class":"","_genesis_custom_post_class":"","_genesis_layout":""},"tags":[],"slider_name":[96],"class_list":{"0":"post-6537","1":"slider","2":"type-slider","3":"status-publish","4":"has-post-thumbnail","6":"slider_name-homepage","7":"entry"},"yoast_head":"<!-- This site is optimized with the Yoast SEO plugin v27.5 - https:\/\/yoast.com\/product\/yoast-seo-wordpress\/ -->\n<title>Seminaries in het Groen : Green Cottage<\/title>\n<meta name=\"robots\" content=\"index, follow, max-snippet:-1, max-image-preview:large, max-video-preview:-1\" \/>\n<link rel=\"canonical\" href=\"https:\/\/greencottage.be\/nl\/slider\/seminaries-in-het-groen\/\" \/>\n<meta property=\"og:locale\" content=\"nl_BE\" \/>\n<meta property=\"og:type\" content=\"article\" \/>\n<meta property=\"og:title\" content=\"Seminaries in het Groen : Green Cottage\" \/>\n<meta property=\"og:url\" content=\"https:\/\/greencottage.be\/nl\/slider\/seminaries-in-het-groen\/\" \/>\n<meta property=\"og:site_name\" content=\"Green Cottage\" \/>\n<meta property=\"article:publisher\" content=\"https:\/\/www.facebook.com\/www.greencottage.be\" \/>\n<meta property=\"article:modified_time\" content=\"2025-09-29T13:05:00+00:00\" \/>\n<meta property=\"og:image\" content=\"https:\/\/greencottage.be\/wp-content\/uploads\/2020\/11\/Endroit-unique-pour-des-se\u0301minaires-re\u0301sidentiels-en-pleine-nature.jpg\" \/>\n\t<meta property=\"og:image:width\" content=\"1919\" \/>\n\t<meta property=\"og:image:height\" content=\"1080\" \/>\n\t<meta property=\"og:image:type\" content=\"image\/jpeg\" \/>\n<meta name=\"twitter:card\" content=\"summary_large_image\" \/>\n<meta name=\"twitter:label1\" content=\"Geschatte leestijd\" \/>\n\t<meta name=\"twitter:data1\" content=\"1 minute\" \/>\n<script type=\"application\/ld+json\" class=\"yoast-schema-graph\">{\"@context\":\"https:\\\/\\\/schema.org\",\"@graph\":[{\"@type\":\"WebPage\",\"@id\":\"https:\\\/\\\/greencottage.be\\\/nl\\\/slider\\\/seminaries-in-het-groen\\\/\",\"url\":\"https:\\\/\\\/greencottage.be\\\/nl\\\/slider\\\/seminaries-in-het-groen\\\/\",\"name\":\"Seminaries in het Groen : Green Cottage\",\"isPartOf\":{\"@id\":\"https:\\\/\\\/greencottage.be\\\/nl\\\/#website\"},\"primaryImageOfPage\":{\"@id\":\"https:\\\/\\\/greencottage.be\\\/nl\\\/slider\\\/seminaries-in-het-groen\\\/#primaryimage\"},\"image\":{\"@id\":\"https:\\\/\\\/greencottage.be\\\/nl\\\/slider\\\/seminaries-in-het-groen\\\/#primaryimage\"},\"thumbnailUrl\":\"https:\\\/\\\/greencottage.be\\\/wp-content\\\/uploads\\\/2020\\\/11\\\/Endroit-unique-pour-des-se\u0301minaires-re\u0301sidentiels-en-pleine-nature.jpg\",\"datePublished\":\"2023-10-31T11:28:25+00:00\",\"dateModified\":\"2025-09-29T13:05:00+00:00\",\"breadcrumb\":{\"@id\":\"https:\\\/\\\/greencottage.be\\\/nl\\\/slider\\\/seminaries-in-het-groen\\\/#breadcrumb\"},\"inLanguage\":\"nl-BE\",\"potentialAction\":[{\"@type\":\"ReadAction\",\"target\":[\"https:\\\/\\\/greencottage.be\\\/nl\\\/slider\\\/seminaries-in-het-groen\\\/\"]}]},{\"@type\":\"ImageObject\",\"inLanguage\":\"nl-BE\",\"@id\":\"https:\\\/\\\/greencottage.be\\\/nl\\\/slider\\\/seminaries-in-het-groen\\\/#primaryimage\",\"url\":\"https:\\\/\\\/greencottage.be\\\/wp-content\\\/uploads\\\/2020\\\/11\\\/Endroit-unique-pour-des-se\u0301minaires-re\u0301sidentiels-en-pleine-nature.jpg\",\"contentUrl\":\"https:\\\/\\\/greencottage.be\\\/wp-content\\\/uploads\\\/2020\\\/11\\\/Endroit-unique-pour-des-se\u0301minaires-re\u0301sidentiels-en-pleine-nature.jpg\",\"width\":1919,\"height\":1080,\"caption\":\"Endroit Unique Pour Des S\u00e9minaires R\u00e9sidentiels En Pleine Nature\"},{\"@type\":\"BreadcrumbList\",\"@id\":\"https:\\\/\\\/greencottage.be\\\/nl\\\/slider\\\/seminaries-in-het-groen\\\/#breadcrumb\",\"itemListElement\":[{\"@type\":\"ListItem\",\"position\":1,\"name\":\"Accueil\",\"item\":\"https:\\\/\\\/greencottage.be\\\/nl\\\/\"},{\"@type\":\"ListItem\",\"position\":2,\"name\":\"Slider\",\"item\":\"https:\\\/\\\/greencottage.be\\\/nl\\\/slider\\\/\"},{\"@type\":\"ListItem\",\"position\":3,\"name\":\"Seminaries in het Groen\"}]},{\"@type\":\"WebSite\",\"@id\":\"https:\\\/\\\/greencottage.be\\\/nl\\\/#website\",\"url\":\"https:\\\/\\\/greencottage.be\\\/nl\\\/\",\"name\":\"Green Cottage\",\"description\":\"Salle de r\u00e9union \\\/ S\u00e9minaire au vert \u00e0 proximit\u00e9 de Bruxelles\",\"publisher\":{\"@id\":\"https:\\\/\\\/greencottage.be\\\/nl\\\/#organization\"},\"potentialAction\":[{\"@type\":\"SearchAction\",\"target\":{\"@type\":\"EntryPoint\",\"urlTemplate\":\"https:\\\/\\\/greencottage.be\\\/nl\\\/?s={search_term_string}\"},\"query-input\":{\"@type\":\"PropertyValueSpecification\",\"valueRequired\":true,\"valueName\":\"search_term_string\"}}],\"inLanguage\":\"nl-BE\"},{\"@type\":\"Organization\",\"@id\":\"https:\\\/\\\/greencottage.be\\\/nl\\\/#organization\",\"name\":\"Green Cottage\",\"url\":\"https:\\\/\\\/greencottage.be\\\/nl\\\/\",\"logo\":{\"@type\":\"ImageObject\",\"inLanguage\":\"nl-BE\",\"@id\":\"https:\\\/\\\/greencottage.be\\\/nl\\\/#\\\/schema\\\/logo\\\/image\\\/\",\"url\":\"https:\\\/\\\/greencottage.be\\\/wp-content\\\/uploads\\\/2023\\\/11\\\/cropped-Greencottage_logo-01.png\",\"contentUrl\":\"https:\\\/\\\/greencottage.be\\\/wp-content\\\/uploads\\\/2023\\\/11\\\/cropped-Greencottage_logo-01.png\",\"width\":400,\"height\":302,\"caption\":\"Green Cottage\"},\"image\":{\"@id\":\"https:\\\/\\\/greencottage.be\\\/nl\\\/#\\\/schema\\\/logo\\\/image\\\/\"},\"sameAs\":[\"https:\\\/\\\/www.facebook.com\\\/www.greencottage.be\"]}]}<\/script>\n<!-- \/ Yoast SEO plugin. -->","yoast_head_json":{"title":"Seminaries in het Groen : Green Cottage","robots":{"index":"index","follow":"follow","max-snippet":"max-snippet:-1","max-image-preview":"max-image-preview:large","max-video-preview":"max-video-preview:-1"},"canonical":"https:\/\/greencottage.be\/nl\/slider\/seminaries-in-het-groen\/","og_locale":"nl_BE","og_type":"article","og_title":"Seminaries in het Groen : Green Cottage","og_url":"https:\/\/greencottage.be\/nl\/slider\/seminaries-in-het-groen\/","og_site_name":"Green Cottage","article_publisher":"https:\/\/www.facebook.com\/www.greencottage.be","article_modified_time":"2025-09-29T13:05:00+00:00","og_image":[{"width":1919,"height":1080,"url":"https:\/\/greencottage.be\/wp-content\/uploads\/2020\/11\/Endroit-unique-pour-des-se\u0301minaires-re\u0301sidentiels-en-pleine-nature.jpg","type":"image\/jpeg"}],"twitter_card":"summary_large_image","twitter_misc":{"Geschatte leestijd":"1 minute"},"schema":{"@context":"https:\/\/schema.org","@graph":[{"@type":"WebPage","@id":"https:\/\/greencottage.be\/nl\/slider\/seminaries-in-het-groen\/","url":"https:\/\/greencottage.be\/nl\/slider\/seminaries-in-het-groen\/","name":"Seminaries in het Groen : Green Cottage","isPartOf":{"@id":"https:\/\/greencottage.be\/nl\/#website"},"primaryImageOfPage":{"@id":"https:\/\/greencottage.be\/nl\/slider\/seminaries-in-het-groen\/#primaryimage"},"image":{"@id":"https:\/\/greencottage.be\/nl\/slider\/seminaries-in-het-groen\/#primaryimage"},"thumbnailUrl":"https:\/\/greencottage.be\/wp-content\/uploads\/2020\/11\/Endroit-unique-pour-des-se\u0301minaires-re\u0301sidentiels-en-pleine-nature.jpg","datePublished":"2023-10-31T11:28:25+00:00","dateModified":"2025-09-29T13:05:00+00:00","breadcrumb":{"@id":"https:\/\/greencottage.be\/nl\/slider\/seminaries-in-het-groen\/#breadcrumb"},"inLanguage":"nl-BE","potentialAction":[{"@type":"ReadAction","target":["https:\/\/greencottage.be\/nl\/slider\/seminaries-in-het-groen\/"]}]},{"@type":"ImageObject","inLanguage":"nl-BE","@id":"https:\/\/greencottage.be\/nl\/slider\/seminaries-in-het-groen\/#primaryimage","url":"https:\/\/greencottage.be\/wp-content\/uploads\/2020\/11\/Endroit-unique-pour-des-se\u0301minaires-re\u0301sidentiels-en-pleine-nature.jpg","contentUrl":"https:\/\/greencottage.be\/wp-content\/uploads\/2020\/11\/Endroit-unique-pour-des-se\u0301minaires-re\u0301sidentiels-en-pleine-nature.jpg","width":1919,"height":1080,"caption":"Endroit Unique Pour Des S\u00e9minaires R\u00e9sidentiels En Pleine Nature"},{"@type":"BreadcrumbList","@id":"https:\/\/greencottage.be\/nl\/slider\/seminaries-in-het-groen\/#breadcrumb","itemListElement":[{"@type":"ListItem","position":1,"name":"Accueil","item":"https:\/\/greencottage.be\/nl\/"},{"@type":"ListItem","position":2,"name":"Slider","item":"https:\/\/greencottage.be\/nl\/slider\/"},{"@type":"ListItem","position":3,"name":"Seminaries in het Groen"}]},{"@type":"WebSite","@id":"https:\/\/greencottage.be\/nl\/#website","url":"https:\/\/greencottage.be\/nl\/","name":"Green Cottage","description":"Salle de r\u00e9union \/ S\u00e9minaire au vert \u00e0 proximit\u00e9 de Bruxelles","publisher":{"@id":"https:\/\/greencottage.be\/nl\/#organization"},"potentialAction":[{"@type":"SearchAction","target":{"@type":"EntryPoint","urlTemplate":"https:\/\/greencottage.be\/nl\/?s={search_term_string}"},"query-input":{"@type":"PropertyValueSpecification","valueRequired":true,"valueName":"search_term_string"}}],"inLanguage":"nl-BE"},{"@type":"Organization","@id":"https:\/\/greencottage.be\/nl\/#organization","name":"Green Cottage","url":"https:\/\/greencottage.be\/nl\/","logo":{"@type":"ImageObject","inLanguage":"nl-BE","@id":"https:\/\/greencottage.be\/nl\/#\/schema\/logo\/image\/","url":"https:\/\/greencottage.be\/wp-content\/uploads\/2023\/11\/cropped-Greencottage_logo-01.png","contentUrl":"https:\/\/greencottage.be\/wp-content\/uploads\/2023\/11\/cropped-Greencottage_logo-01.png","width":400,"height":302,"caption":"Green Cottage"},"image":{"@id":"https:\/\/greencottage.be\/nl\/#\/schema\/logo\/image\/"},"sameAs":["https:\/\/www.facebook.com\/www.greencottage.be"]}]}},"_links":{"self":[{"href":"https:\/\/greencottage.be\/nl\/wp-json\/wp\/v2\/slider\/6537","targetHints":{"allow":["GET"]}}],"collection":[{"href":"https:\/\/greencottage.be\/nl\/wp-json\/wp\/v2\/slider"}],"about":[{"href":"https:\/\/greencottage.be\/nl\/wp-json\/wp\/v2\/types\/slider"}],"author":[{"embeddable":true,"href":"https:\/\/greencottage.be\/nl\/wp-json\/wp\/v2\/users\/6"}],"replies":[{"embeddable":true,"href":"https:\/\/greencottage.be\/nl\/wp-json\/wp\/v2\/comments?post=6537"}],"wp:featuredmedia":[{"embeddable":true,"href":"https:\/\/greencottage.be\/nl\/wp-json\/wp\/v2\/media\/5722"}],"wp:attachment":[{"href":"https:\/\/greencottage.be\/nl\/wp-json\/wp\/v2\/media?parent=6537"}],"wp:term":[{"taxonomy":"post_tag","embeddable":true,"href":"https:\/\/greencottage.be\/nl\/wp-json\/wp\/v2\/tags?post=6537"},{"taxonomy":"slider_name","embeddable":true,"href":"https:\/\/greencottage.be\/nl\/wp-json\/wp\/v2\/slider_name?post=6537"}],"curies":[{"name":"wp","href":"https:\/\/api.w.org\/{rel}","templated":true}]}}

<!-- This site is optimized with the Yoast SEO plugin v27.5 - https://yoast.com/product/yoast-seo-wordpress/ -->
<title>Seminaries in het Groen : Green Cottage</title>
<meta name="robots" content="index, follow, max-snippet:-1, max-image-preview:large, max-video-preview:-1" />
<link rel="canonical" href="https://greencottage.be/nl/slider/seminaries-in-het-groen/" />
<meta property="og:locale" content="nl_BE" />
<meta property="og:type" content="article" />
<meta property="og:title" content="Seminaries in het Groen : Green Cottage" />
<meta property="og:url" content="https://greencottage.be/nl/slider/seminaries-in-het-groen/" />
<meta property="og:site_name" content="Green Cottage" />
<meta property="article:publisher" content="https://www.facebook.com/www.greencottage.be" />
<meta property="article:modified_time" content="2025-09-29T13:05:00+00:00" />
<meta property="og:image" content="https://greencottage.be/wp-content/uploads/2020/11/Endroit-unique-pour-des-séminaires-résidentiels-en-pleine-nature.jpg" />
	<meta property="og:image:width" content="1919" />
	<meta property="og:image:height" content="1080" />
	<meta property="og:image:type" content="image/jpeg" />
<meta name="twitter:card" content="summary_large_image" />
<meta name="twitter:label1" content="Geschatte leestijd" />
	<meta name="twitter:data1" content="1 minute" />
<script type="application/ld+json" class="yoast-schema-graph">{"@context":"https:\/\/schema.org","@graph":[{"@type":"WebPage","@id":"https:\/\/greencottage.be\/nl\/slider\/seminaries-in-het-groen\/","url":"https:\/\/greencottage.be\/nl\/slider\/seminaries-in-het-groen\/","name":"Seminaries in het Groen : Green Cottage","isPartOf":{"@id":"https:\/\/greencottage.be\/nl\/#website"},"primaryImageOfPage":{"@id":"https:\/\/greencottage.be\/nl\/slider\/seminaries-in-het-groen\/#primaryimage"},"image":{"@id":"https:\/\/greencottage.be\/nl\/slider\/seminaries-in-het-groen\/#primaryimage"},"thumbnailUrl":"https:\/\/greencottage.be\/wp-content\/uploads\/2020\/11\/Endroit-unique-pour-des-séminaires-résidentiels-en-pleine-nature.jpg","datePublished":"2023-10-31T11:28:25+00:00","dateModified":"2025-09-29T13:05:00+00:00","breadcrumb":{"@id":"https:\/\/greencottage.be\/nl\/slider\/seminaries-in-het-groen\/#breadcrumb"},"inLanguage":"nl-BE","potentialAction":[{"@type":"ReadAction","target":["https:\/\/greencottage.be\/nl\/slider\/seminaries-in-het-groen\/"]}]},{"@type":"ImageObject","inLanguage":"nl-BE","@id":"https:\/\/greencottage.be\/nl\/slider\/seminaries-in-het-groen\/#primaryimage","url":"https:\/\/greencottage.be\/wp-content\/uploads\/2020\/11\/Endroit-unique-pour-des-séminaires-résidentiels-en-pleine-nature.jpg","contentUrl":"https:\/\/greencottage.be\/wp-content\/uploads\/2020\/11\/Endroit-unique-pour-des-séminaires-résidentiels-en-pleine-nature.jpg","width":1919,"height":1080,"caption":"Endroit Unique Pour Des Séminaires Résidentiels En Pleine Nature"},{"@type":"BreadcrumbList","@id":"https:\/\/greencottage.be\/nl\/slider\/seminaries-in-het-groen\/#breadcrumb","itemListElement":[{"@type":"ListItem","position":1,"name":"Accueil","item":"https:\/\/greencottage.be\/nl\/"},{"@type":"ListItem","position":2,"name":"Slider","item":"https:\/\/greencottage.be\/nl\/slider\/"},{"@type":"ListItem","position":3,"name":"Seminaries in het Groen"}]},{"@type":"WebSite","@id":"https:\/\/greencottage.be\/nl\/#website","url":"https:\/\/greencottage.be\/nl\/","name":"Green Cottage","description":"Salle de réunion \/ Séminaire au vert à proximité de Bruxelles","publisher":{"@id":"https:\/\/greencottage.be\/nl\/#organization"},"potentialAction":[{"@type":"SearchAction","target":{"@type":"EntryPoint","urlTemplate":"https:\/\/greencottage.be\/nl\/?s={search_term_string}"},"query-input":{"@type":"PropertyValueSpecification","valueRequired":true,"valueName":"search_term_string"}}],"inLanguage":"nl-BE"},{"@type":"Organization","@id":"https:\/\/greencottage.be\/nl\/#organization","name":"Green Cottage","url":"https:\/\/greencottage.be\/nl\/","logo":{"@type":"ImageObject","inLanguage":"nl-BE","@id":"https:\/\/greencottage.be\/nl\/#\/schema\/logo\/image\/","url":"https:\/\/greencottage.be\/wp-content\/uploads\/2023\/11\/cropped-Greencottage_logo-01.png","contentUrl":"https:\/\/greencottage.be\/wp-content\/uploads\/2023\/11\/cropped-Greencottage_logo-01.png","width":400,"height":302,"caption":"Green Cottage"},"image":{"@id":"https:\/\/greencottage.be\/nl\/#\/schema\/logo\/image\/"},"sameAs":["https:\/\/www.facebook.com\/www.greencottage.be"]}]}</script>
<!-- / Yoast SEO plugin. -->

Endroit Unique Pour Des Séminaires Résidentiels En Pleine Nature

Salle de réunion / Séminaire au vert à proximité de Bruxelles
